n l(-6) is divided by z?
4
Let a(c) = c**2 - 7*c. Let x be a(7). Suppose x*z = -4*z + 176. What is the remainder when z is divided by (-2541)/(-165) + 4/(-10)?
14
Suppose 0 = -4*k + 2*t - 43 - 47, -4*t = -5*k - 114. Let x(l) = -2*l**2 - 47*l - 29. Calculate the remainder when x(k) is divided by 10.
7
Let f = 1 - -6. Suppose 2*l - i = 134, 3*l = i - 4*i + 183. Let g = l - 46. What is the remainder when g is divided by f?
5
Calculate the remainder when (-3)/(-3)*(-8 + 60) is divided by 14.
10
Suppose 5*i - 400 = 3*s - 6*s, 0 = -2*i - 4*s + 174. What is the remainder when i is divided by 41?
36
Suppose 3*s - 5 = 22. Suppose 0 = 4*j - 7*j - 2*b + 190, -j + b = -60. Calculate the remainder when j is divided by s.
8
Let a(v) = v - 5. Let x be a(7). Suppose 28 = 2*w + 4*b, -x*b + 0*b = -2. Calculate the remainder when 21 is divided by w.
9
Let o(g) = 8 + 8 + 5*g + 2*g**3 - g**2 - 17. What is the remainder when 40 is divided by o(2)?
19
Suppose -2*n = -0*n. Let z be -18 + 11 - (-1 + n). Let d(i) = 2*i**2 - 5*i + 1. What is the remainder when d(z) is divided by 26?
25
Suppose 0 = -5*w - 8 + 443. Let n(k) = 3*k + 3. What is the remainder when w is divided by n(4)?
12
Let n(p) = p**3 + 8*p**2 - 8*p + 11. Let m be n(-9). Let c(f) = -7*f**m - 2*f**2 + 13*f**2 - f**3 + 8. What is the remainder when 31 is divided by c(4)?
7
Let b(d) = -98*d - 372. What is the remainder when b(-4) is divided by 3?
2
Suppose -74 = 7*o + 73. Let l = o - -65. Calculate the remainder when 87 is divided by l.
43
Suppose -i - 12 = -7*i. What is the remainder when 7 is divided by (-12)/7 + i + (-36)/(-21)?
1
Suppose -4*r - 10 = 22. Let g = r - -9. What is the remainder when 22 is divided by (g + 1)*(3 + 1)?
6
Let l = -26 + 31. Let o(c) = 2*c**2 - 4*c + 6. Let w = 436 - 295. Calculate the remainder when w is divided by o(l).
33
Let j = 1073 + -892. Calculate the remainder when j is divided by 7.
6
Let z(y) = -y**2 - 12*y - 6. Let j be z(-13). Calculate the remainder when (-798)/j + 0 + -1 is divided by 15.
11
Let d be (17/(-68))/((-2)/24). Suppose 93 = 4*i + 3*h, -6*h + d*h = 2*i - 45. What is the remainder when 44 is divided by i?
20
Suppose 44*d - 41*d - 171 = 0. What is the remainder when 238 is divided by d?
10
Let b = 37 + 47. Suppose 9 + 11 = 5*c. Suppose -128 = -c*r - 4*t, -2*r + 6*r = -2*t + 122. Calculate the remainder when b is divided by r.
26
Suppose -n = 2*n + 39. Let f be n/6*3*-2. Suppose -3*i = -4*i + f. Calculate the remainder when i is divided by 3.
1
Let z(l) = l**2 + 2*l - 8. Let p(w) = 3*w**3 + 5*w**2 - 2. Let c = 8 - 10. Let r be p(c). What is the remainder when 59 is divided by z(r)?
11
Let n = -35 - -40. Suppose -n*q + 2*q - 33 = -d, 3*d + 4*q - 34 = 0. What is the remainder when 88 is divided by d?
16
Suppose -669 = -5*s - 4*i - 142, 0 = -3*s + 5*i + 331. Suppose 160*l - 101*l = 3186. Calculate the remainder when s is divided by l.
53
Calculate the remainder when 446 is divided by 61/427 - (0 + (-628)/14).
41
Suppose -g = 3*c - 29, 10*g + c = 14*g - 194. Let t = 30 - 6. Calculate the remainder when g is divided by t.
23
Let a(t) = 589*t**2 + 1. What is the remainder when a(1) is divided by 74?
72
Let g(b) = b**2 + 30*b + 200. Calculate the remainder when 274 is divided by g(-6).
50
Let i be (15/(-30))/((-1)/(-4)). Calculate the remainder when 14 is divided by 20/5*((-60)/(-16) + i).
0
Let y = 1136 - 937. Calculate the remainder when y is divided by 185.
14
Let m(z) = -7*z + 6. Let o be m(4). Let q = -14 - o. Calculate the remainder when 28 is divided by q.
4
Let j(b) = -b**3 - 22*b**2 - 40*b + 58. What is the remainder when j(-21) is divided by 93?
85
Suppose 0 = -a + p + 68, -168*a + 170*a + p - 124 = 0. What is the remainder when a is divided by 44?
20
Suppose 4*f - 34 - 88 = -3*u, -f = -5. Calculate the remainder when u is divided by (1*-4 - -2) + (-80)/(-4).
16
Let d = 740 + 475. Calculate the remainder when d is divided by 7.
4
Let i(w) be the first derivative of w**3 - 23*w**2/2 + 8*w + 3. Calculate the remainder when 62 is divided by i(8).
14
Suppose 9 = 4*n + d, -2*n = -4*d + d + 13. Let j be n/2*(-10 + 16). What is the remainder when 5 is divided by 2 + j - (3 - 1)?
2
Suppose -3*f + 212 = y + 4*y, f + 3*y = 72. What is the remainder when f is divided by 24?
21
Let z(y) = y + 144. Calculate the remainder when z(-19) is divided by 16.
13
Let g(u) be the second derivative of u**3/6 + 17*u**2/2 - 2*u + 22. What is the remainder when 2/(((-6)/(-35))/3) is divided by g(-5)?
11
Let h(j) be the first derivative of 5*j + 3/2*j**2 + 1/4*j**4 + 2*j**3 - 7. Calculate the remainder when h(-5) is divided by 9.
6
Let i(z) = z**3 - 15*z**2 - 34*z + 39. What is the remainder when 204 is divided by i(17)?
9
Suppose 2*p = 3*c + 91, 3*p = -9*c + 4*c + 146. Calculate the remainder when p is divided by 6.
5
Let q(f) = -2*f**3 + 2*f**2 - 4*f + 2. Let z be q(2). Let a(s) = -8*s - 29. Calculate the remainder when a(z) is divided by 17.
15
Let s(u) = 2*u**3 + 26*u**2 + 18*u - 46. What is the remainder when 31 is divided by s(-12)?
5
Let b(r) = 3*r**2 - 2*r - 1. Let f be 18/(-9) + (1 - 0). Suppose v - j = 8, -v - 4*j = j + 4. What is the remainder when v is divided by b(f)?
2
Let q = 100 + -67. What is the remainder when ((-8)/(-24))/(1/q) is divided by 1?
0
Let y = -31 - -61. Let t = -21 + y. Suppose -2*m + 4*m = 66. What is the remainder when m is divided by t?
6
Let l(q) = q**2 - q + 4. What is the remainder when (-1274)/(-364)*12/7 is divided by l(0)?
2
Let c(j) = 2*j - 3. Let a be c(8). Let m = 4 + a. What is the remainder when m is divided by -7*(-20)/35 - -2?
5
Let y(t) = -2*t**2 - 2*t + 179. Let s(l) = l**3 - 2*l**2 - 2*l + 3. Calculate the remainder when s(5) is divided by y(8).
33
Suppose -4*z + 245 = 53. Let p be 25 - 0/(-1 - 0). Let g = z - p. What is the remainder when 45 is divided by g?
22
Suppose d - 4*z - 17 = 16, 4*d - 147 = z. Suppose -7 - 5 = -3*f. Suppose -f*h - h = t - 35, -3*t = -4*h - 48. Calculate the remainder when d is divided by t.
17
Suppose 3*a + 4*t - 2 = 3, 3*t = -3*a + 9. Calculate the remainder when a is divided by (60/24*-1)/((-25)/40).
3
Suppose -655 = -5*u - 2*y, 5*y + 131 = u + 4*y. Calculate the remainder when u is divided by 33.
32
Suppose -10*u + 804 + 56 = 0. Suppose 3*w = u + 10. Calculate the remainder when 63 is divided by w.
31
Suppose 0 = 5*f - 46*x + 44*x - 438, 5*f + 5*x - 410 = 0. Calculate the remainder when f is divided by 25.
11
Suppose 37*i - 675 = 12*i. Let u be (-2 - 0)/(4/(-26)). Suppose -1 = -j + u. What is the remainder when i is divided by j?
13
Suppose 5*m - 8 = 2. Suppose -2*y = 3*h - 32, h + m*h + 4*y - 22 = 0. Calculate the remainder when h is divided by 8.
6
Suppose 0*a + 4*a = i + 7, 5*i + a = -35. Let z = 26 + i. Suppose 49 = 2*q - z. Calculate the remainder when 65 is divided by q.
31
Calculate the remainder when 4 + -3 - (-256)/4 is divided by 17.
14
Calculate the remainder when ((-6)/18)/((-2)/6) - -29 is divided by 24.
6
Let h(o) = 2*o**3 - o**2. Let m be h(2). Let a(w) be the first derivative of w**3/3 - 5*w**2 - 8*w + 26. Calculate the remainder when 29 is divided by a(m).
13
Suppose 2*x = 4*c - 21 - 91, -3*c + 2*x + 84 = 0. What is the remainder when (3 - 6 - -4) + c is divided by 17?
12
Let q(m) = -m + 36. Let n(u) = u - 1. Let x(j) = -3*n(j) + q(j). Let a = -9 + 29. What is the remainder when a is divided by x(8)?
6
Let q(a) = 2*a + 7. Let p be q(3). Suppose -11*l + p*l = 18. What is the remainder when 34 is divided by l?
7
Suppose -18*v + 17*v - 1039 = -3*z, 2*z - 8*v - 700 = 0. What is the remainder when z is divided by 59?
51
Suppose 0 = -c - 4*p + 375, -4*c + 6*c = p + 768. What is the remainder when c is divided by 48?
47
Suppose -2*j + 4*k - 36 = 0, 2*j + 0*j = -4*k - 44. Let y = j - -22. Suppose -4*p - u = -40, u = 3*p - y*p - 5. Calculate the remainder when 34 is divided by p.
7
Suppose 0 = -5*k + 3*j + 17, -3*k = -6*k + 3*j + 9. Calculate the remainder when (-4)/20 - 318/(-15) is divided by k.
1
Suppose 24*s - 23 = 25. Calculate the remainder when 23 is divided by s.
1
Suppose -4*n - v - 56 = -9*n, 0 = -n - 5*v + 6. Let c = n - -18. What is the remainder when (2 + -1)/((-1)/(-55)) is divided by c?
26
Suppose 2*j + 2*h = 82, 2*h = -2*j + 5*h + 57. Let x = -8 + j. Calculate the remainder wh